*m**2 + 44938*m**3 - 44939*m**h + 3 + 2*m**2. Determine q(4).
3
Let y(s) = 5*s + 6. Let v = 83 - 83. Let r be y(v). Let g(t) = 4*t - 6 + 1 - t**2 - 7*t + 2*t**2. What is g(r)?
13
Let h be (3/(-2))/((-6)/16). Let q(m) = -m**2 - 180473*m - 2*m**2 - 5 + 180479*m. Calculate q(h).
-29
Let f(u) = -u**2 - 8*u - 22. Suppose -234 - 86 + 26 = 49*m. Give f(m).
-10
Let i(q) = -16*q + 41 + 8 + 13 + 11. Calculate i(4).
9
Let p(t) = -10*t**3 - 10*t**3 + 4*t**2 + 5*t - 4 + 19*t**3. Suppose -44*b + 90 = -130. Determine p(b).
-4
Let m be (1 - -5)/((-111)/(-74)). Let w(n) = 2*n + 2. Let t(k) = k - 4. Let d(i) = t(i) - w(i). Determine d(m).
-10
Let h(i) = 2*i**2 + 154*i + 1103. Let p be h(-69). Let x(v) = v + 5 + 3 - 4 - 3 - v**2. Determine x(p).
-1
Let m(h) = -h**3 - 5*h**2 + 24*h + 4. Let n be m(-8). Let c be ((-86)/(-129))/(n/(-18)). Let f(z) = z**3 + 2*z**2 - 1. Calculate f(c).
-10
Let i(l) = 28*l**2 + 157*l - 179. Let y(r) = -3*r**2 - 17*r + 20. Let v(p) = 2*i(p) + 19*y(p). What is v(-10)?
12
Suppose -38391 = -39*u - 38430. Let s(j) = 3*j - 2 - 2*j**2 - 3*j. Give s(u).
-4
Let m(y) = -7*y**3 + 2*y**2 - 6*y - 11. Let l(v) = 13*v**3 - 3*v**2 + 11*v + 21. Let j = 493 + -499. Let o(z) = j*l(z) - 11*m(z). Give o(-4).
-5
Let u be (21/(-12) - 265/(-140)) + 480/21. Let a(l) be the third derivative of -2/3*l**3 + 0 + u*l**2 + 1/60*l**5 + 5/24*l**4 + 0*l. Give a(-6).
2
Let t(h) = 29*h + 1. Suppose 0 = -14*s + 21*s + 399. Let n = -56 - s. Calculate t(n).
30
Let v(d) = -7*d + d**2 - d**3 + 7*d + 158 - 154. Let f(r) = -r**2 + r + 5. Let p be f(-5). Let n = p + 25. Give v(n).
4
Let u(t) = -5*t**3 + 50*t**2 - 7*t - 19. Let h(j) = j**3 - 8*j**2 + 1. Let w(g) = -6*h(g) - u(g). Determine w(-2).
-1
Let k(j) be the third derivative of j**5/30 - 19*j**4/12 - 19*j**3/6 + 3*j**2 + 43*j + 2. What is k(20)?
21
Let t(o) = 330*o**3 + o**2 - 3*o - 994*o**3 - 70 + 330*o**3 + 71 + 329*o**3. Let a = -23 + 24. Give t(a).
-6
Let q(l) be the first derivative of l**4/4 - 8*l**3/3 + 5*l**2 - 5*l - 35. Give q(7).
16
Let p = -444 - -454. Let q(t) = -2 - t**2 + 8 - 8 + p*t. Determine q(10).
-2
Let a(s) be the second derivative of -s**6/360 - 28*s**4/3 - 202*s. Let c(r) be the third derivative of a(r). Calculate c(1).
-2
Let i(d) = -d**2 + 15*d + 20. Let s = -289 - -306. Let b(a) = -a**3 + 15*a**2 + 35*a - 1. Let j be b(s). Give i(j).
4
Let k(f) = -2*f**3 - 71*f**2 + 35*f - 37. Let q = 6191 + -6227. What is k(q)?
-1
Let t(p) = 3 + 4 - 3*p + 4 - 3 - 2. Let m(r) = 5*r - 8. Let g(h) = -4*m(h) - 5*t(h). Calculate g(2).
-8
Let g(w) be the second derivative of -w**5/20 + w**4/12 + 17*w**2/2 - 97*w. What is g(0)?
17
Let f(k) = 11*k**3 + 15*k**2 - 4*k - 34. Let m(n) = -26*n**3 - 31*n**2 + 7*n + 71. Let r(c) = -7*f(c) - 3*m(c). Give r(11).
-19
Let l(o) be the third derivative of -2*o**2 - 1/8*o**4 - 1/720*o**6 - 1/24*o**5 + 0*o + 0*o**3 + 0. Let p(n) be the second derivative of l(n). Determine p(0).
-5
Let u(h) = 2*h + 59. Let q be u(-30). Let x(a) = 5*a**2 - 14*a - 7. Let r(g) = -9*g**2 + 26*g + 13. Let n(j) = 6*r(j) + 11*x(j). Calculate n(q).
0
Let v(n) = n**3 + n**2 + n - 6. Suppose -52 = f + 26. Let z = f + 76. Let i be (-3 - -1)/z - (-5 - -6). Calculate v(i).
-6
Let q(u) = 61*u + 11. Let a(v) = 2 - 21*v - 25 + 8 + 11. Let w(g) = g**2 + 8*g + 4. Let l be w(-5). Let k(j) = l*a(j) - 4*q(j). Calculate k(-1).
13
Suppose 42*s + 0 = -153*s - 0. Let t(j) be the third derivative of 0 + s*j + 1/12*j**4 - 48*j**2 - 2/3*j**3 + 1/120*j**6 + 1/10*j**5. Calculate t(-6).
-16
Let d(w) = w**3 - 13*w**2 - 4*w - 1. Suppose 206*q - 77 = -5*v + 209*q, 3*v - 5*q - 59 = 0. What is d(v)?
-53
Let w(f) = -2*f - f - f**3 - f**2 - 1 + 3*f**2. Suppose 0 = 53*i - 16 - 185 + 42. What is w(i)?
-19
Let i(j) be the third derivative of j**6/120 + 7*j**5/30 - j**4/3 + 10*j**3/3 - 2*j**2 + 4852*j. Calculate i(-15).
-85
Suppose 18 = 4*h + 2*g, -2*g + 7*g = -2*h + 21. Suppose -23 = h*m + 2*r, 22 = -2*m - 5*r + 2*r. Let d(j) = -j**3 - 6*j**2 - 3*j + 6. Give d(m).
-4
Let m(j) be the first derivative of j**7/840 - 7*j**6/180 + j**5/10 + j**4/24 - 2*j**3/3 + j**2 + 13. Let d(r) be the third derivative of m(r). What is d(13)?
-12
Let m = 185 - 169. Let t(i) = 22 + m - 39 - 2*i**2. What is t(-2)?
-9
Let u(x) = -x**2 - 1. Let s(g) = -g**3 + 6*g**2 + 1. Let b(t) = 2*t**2 - t + 1. Let l(k) = 3*b(k) - s(k). Let c be l(-2). What is u(c)?
-1
Let k(c) = -3*c**2 - 44*c + 8. Let r(s) = 2*s**2 + 26*s - 4. Let o(d) = -5*k(d) - 8*r(d). Give o(7).
27
Let r(o) = 2*o**2 - 21*o - 3. Let n be r(11). Suppose -10*a = -15*a + 10. Let g(y) = -y**a + 369 - 2*y + 11*y - 381. Give g(n).
-4
Let i(p) be the second derivative of -p**5/10 - 7*p**4/12 - p**3/3 + 2513*p. Calculate i(-5).
85
Let p = 278 - 270. Let h be (3 + (4 - p))*12. Let l(r) = -r**2 - 13*r - 11. Give l(h).
1
Let b(j) = -14*j + 2. Let p = 8180 + -8179. Calculate b(p).
-12
Let s(z) = -15*z**3 - 12*z**2 + z + 3. Let w(a) = -a**3 + 3*a**2 - 1. Let d = 598 + -599. Let n(v) = d*s(v) - 4*w(v). Give n(1).
19
Let y(l) = -30 + 57 + 582*l - 7*l**2 - 29 - 583*l. Let s(a) = -3*a - 1. Let v be s(-1). What is y(v)?
-32
Let g(o) = 4*o - 65. Let z(d) = d - 9. Let f(t) = -g(t) + 5*z(t). Let j be (21/(-14) - -1)*0. What is f(j)?
20
Let d(x) = -80 - 3*x - 50 + 126. Suppose -3*v - 3 = -a + 3, 0 = 4*a + 3*v - 9. Determine d(a).
-13
Let s(q) = -4*q**3 + 3*q**2. Suppose 182 = 10*i + 3*i. Suppose 2*u = -2*w, 45*u - 50*u = -2*w + i. What is s(w)?
-20
Let f(n) = -20*n - 67. Let s(t) = 29*t**2 + 201*t - 17. Let l be s(-7). Determine f(l).
-7
Let x(z) = 5*z + 10. Suppose -8*d = -124 - 764. Let s = 107 - d. Give x(s).
-10
Let v(f) = -1 + 421233*f**3 - 3*f**2 - 210627*f**3 - 210624*f**3 - 3*f. What is v(-1)?
17
Let l(m) = -m**3 - 7*m**2 + 6*m + 5. Let j be l(-8). Suppose 16*r - j*r = -10. Let k(q) = -2 - 5*q**2 + 3*q + q**2 + 2*q**r - 1. Calculate k(2).
-5
Let u(n) = 405969*n**2 - 7*n - 202986*n**2 - 202984*n**2 - 3 + 11*n. Let r be (1/2)/(1/14). Let p = r + -5. Give u(p).
1
Let n = 822 - 815. Let g(b) = -b**3 + 8*b**2 - 6*b + 4. Give g(n).
11
Let b(l) be the third derivative of -l**4/12 - 13*l**3/3 + 481*l**2. What is b(-10)?
-6
Let y(j) = -j**2 + 6*j + 12. Suppose -26*d = 18*d + 6*d + 195*d. Give y(d).
12
Suppose -21*t + 9 = -18*t. Let k(o) = -688*o + 1377*o - 2 + t - 698*o. Calculate k(1).
-8
Let q(f) be the third derivative of f**5/60 + f**4/6 - f**3 + f**2. Suppose 210 = 48*b - 43*b. Suppose 15*x + 33 + b = 0. Calculate q(x).
-1
Let o(c) be the third derivative of -c**5/30 + 7*c**4/4 + 37*c**3/6 - 2*c**2 + 3*c - 19. What is o(22)?
-7
Let a be 440/(-74) + (-344)/6364. Let r(o) = -o**3 - 6*o**2 - o - 9. What is r(a)?
-3
Let p(i) = 6065*i - 3014*i - i**3 + 14 - 21*i**2 - 3029*i. Calculate p(-22).
14
Let z = 9 + -11. Suppose 11*l = 2 - 46. Let g(a) = -3*a**2 + 3*a + 4. Let f(v) = -7*v**2 + 7*v + 9. Let d(t) = l*f(t) + 9*g(t). What is d(z)?
6
Let a(i) be the second derivative of -75*i + 0 + 5/2*i**2 + 1/2*i**3. Give a(8).
29
Let n(g) = g**2 + 4*g - 3. Let b = -15 - -42. Let l be b/(-3)*(1 + 4/(-3)). Let h(o) = -2*o**2 + 3*o + 3. Let c be h(l). Calculate n(c).
9
Let d(q) = -38*q**2 - 40*q + 42. Let x(m) = -49*m**2 - 53*m + 56. Let s(u) = -9*d(u) + 7*x(u). Calculate s(0).
14
Let f(n) = -7*n + 191. Let h be f(15). Let m(b) = -9 + h*b - 47*b - 46*b + b**2. Let p(j) = j**3 - 2*j**2 - j + 2. Let a be p(3). Determine m(a).
-1
Suppose -s = -3*f + 112, -745*f = -743*f + 2*s - 88. Let w(r) = 5*r - 203. Calculate w(f).
-8
Let b(l) = 2*l + 1. Let n = 16 - 11. Suppose 29 - 44 = n*a. Determine b(a).
-5
Let z(y) = -24*y**3 - 2*y**3 - 13 + 7 + 25*y**3 - 23. Calculate z(0).
-29
Let u = -320 - -343. Let l(p) = p - 21. Let o be l(u). Let g(d) = 2*d**2 - d - 2. What is g(o)?
4
Let o(p) be the second derivative of -p**3/6 + p**2/2 - 141*p. Let w(l) = l - 16. Let a(y) = -2*o(y) - w(y). Determine a(-11).
3
Let f(s) be the third derivative of -s**5/15 + 95*s**4/12 - 14*s**3 + 226*s**2 + 20*s. Give f(47).
10
Suppose -41 - 29 = -21*p - 7. Let k(w) = -9*w**2 + 4. Determine k(p).
-77
Let p(b) = -b**3 + 7*b**2 - 4*b - 9. Let v(l) = -l**3 - 24*l**2 + 72*l + 526. Let c be v(-26). What is p(c)?
3
Let u(t) = 5*t**2 + 12*t - 4. Let c(g) be the second derivative of -g**4/6 + g**2 + 34*g. Let x(p) = -3*c(p) - u(p). Calculate x(13).
11
Let x(n) = 13*n + 186*n - 197*n -